{"id":12,"date":"2022-04-06T11:53:02","date_gmt":"2022-04-06T09:53:02","guid":{"rendered":"http:\/\/geraldineoberland.com\/?page_id=12"},"modified":"2022-05-03T11:25:50","modified_gmt":"2022-05-03T09:25:50","slug":"voyage-photo","status":"publish","type":"page","link":"https:\/\/geraldineoberland.com\/index.php\/voyage-photo\/","title":{"rendered":"Voyage photo"},"content":{"rendered":"\t\t<div data-elementor-type=\"wp-page\" data-elementor-id=\"12\" class=\"elementor elementor-12\">\n\t\t\t\t\t\t<section class=\"elementor-section elementor-top-section elementor-element elementor-element-0618448 elementor-section-boxed elementor-section-height-default elementor-section-height-default\" data-id=\"0618448\" data-element_type=\"section\" data-e-type=\"section\">\n\t\t\t\t\t\t<div class=\"elementor-container elementor-column-gap-default\">\n\t\t\t\t\t<div class=\"elementor-column elementor-col-100 elementor-top-column elementor-element elementor-element-027fecb\" data-id=\"027fecb\" data-element_type=\"column\" data-e-type=\"column\">\n\t\t\t<div class=\"elementor-widget-wrap elementor-element-populated\">\n\t\t\t\t\t\t<div class=\"elementor-element elementor-element-9933df3 elementor-widget elementor-widget-text-editor\" data-id=\"9933df3\" data-element_type=\"widget\" data-e-type=\"widget\" data-widget_type=\"text-editor.default\">\n\t\t\t\t<div class=\"elementor-widget-container\">\n\t\t\t\t\t\t\t\t\tPassion, inspiration, aventure et lifestyle<\/br>Le voyage est plus qu&#8217;une simple photographie, c&#8217;est un style de vie.<\/span>\t\t\t\t\t\t\t\t<\/div>\n\t\t\t\t<\/div>\n\t\t\t\t\t<\/div>\n\t\t<\/div>\n\t\t\t\t\t<\/div>\n\t\t<\/section>\n\t\t\t\t<section class=\"elementor-section elementor-top-section elementor-element elementor-element-7c60590 elementor-section-boxed elementor-section-height-default elementor-section-height-default\" data-id=\"7c60590\" data-element_type=\"section\" data-e-type=\"section\" data-settings=\"{&quot;animation&quot;:&quot;none&quot;}\">\n\t\t\t\t\t\t<div class=\"elementor-container elementor-column-gap-default\">\n\t\t\t\t\t<div class=\"elementor-column elementor-col-33 elementor-top-column elementor-element elementor-element-9da064f\" data-id=\"9da064f\" data-element_type=\"column\" data-e-type=\"column\">\n\t\t\t<div class=\"elementor-widget-wrap elementor-element-populated\">\n\t\t\t\t\t\t<div class=\"elementor-element elementor-element-c20a9ba elementor-widget elementor-widget-ha-image-hover-effect happy-addon ha-image-hover-effect\" data-id=\"c20a9ba\" data-element_type=\"widget\" data-e-type=\"widget\" data-widget_type=\"ha-image-hover-effect.default\">\n\t\t\t\t<div class=\"elementor-widget-container\">\n\t\t\t\t\t\t\t<div class=\"ha-ihe-wrapper grid\">\n\t\t\t<figure class=\"ha-ihe-fig ha-effect-chico\">\n\t\t\t\t<img decoding=\"async\" class=\"ha-ihe-img\" src=\"https:\/\/geraldineoberland.com\/wp-content\/uploads\/2022\/04\/arretsurimage2e-01295-scaled.jpg\" alt=\"Image Venise\" \/>\n\t\t\t\t<figcaption class=\"ha-ihe-caption\">\n\t\t\t\t\t\t\t\t\t\t\t<h2 class=\"ha-ihe-title\">D\u00e9couvrir <\/br>Venise<\/h2>\t\t\t\t\t\t\t\t\t\t\t\t\t<p class=\"ha-ihe-desc\"><\/p>\n\t\t\t\t\t\t\t\t\t\t\t\t\t\t\t\t\t\t\t\t\t\t\t<a href=\"https:\/\/geraldineoberland.com\/index.php\/venise\/\"  rel=&quot;nofollow&quot;><\/a>\n\t\t\t\t\t\t\t\t\t<\/figcaption>\n\t\t\t<\/figure>\n\t\t<\/div>\n\t\t\t\t<\/div>\n\t\t\t\t<\/div>\n\t\t\t\t<div class=\"elementor-element elementor-element-c2ee95b elementor-widget elementor-widget-ha-image-hover-effect happy-addon ha-image-hover-effect\" data-id=\"c2ee95b\" data-element_type=\"widget\" data-e-type=\"widget\" data-widget_type=\"ha-image-hover-effect.default\">\n\t\t\t\t<div class=\"elementor-widget-container\">\n\t\t\t\t\t\t\t<div class=\"ha-ihe-wrapper grid\">\n\t\t\t<figure class=\"ha-ihe-fig ha-effect-chico\">\n\t\t\t\t<img decoding=\"async\" class=\"ha-ihe-img\" src=\"https:\/\/geraldineoberland.com\/wp-content\/uploads\/2022\/04\/DSC07975.jpg\" alt=\"Image de la Cr\u00e8te\" \/>\n\t\t\t\t<figcaption class=\"ha-ihe-caption\">\n\t\t\t\t\t\t\t\t\t\t\t<h2 class=\"ha-ihe-title\">D\u00e9couvrir<\/br> la Cr\u00e8te<\/h2>\t\t\t\t\t\t\t\t\t\t\t\t\t<p class=\"ha-ihe-desc\"><\/p>\n\t\t\t\t\t\t\t\t\t\t\t\t\t\t\t\t\t\t\t\t\t\t\t<a href=\"https:\/\/geraldineoberland.com\/index.php\/crete\/\"  rel=&quot;nofollow&quot;><\/a>\n\t\t\t\t\t\t\t\t\t<\/figcaption>\n\t\t\t<\/figure>\n\t\t<\/div>\n\t\t\t\t<\/div>\n\t\t\t\t<\/div>\n\t\t\t\t<div class=\"elementor-element elementor-element-6b66147 elementor-widget elementor-widget-ha-image-hover-effect happy-addon ha-image-hover-effect\" data-id=\"6b66147\" data-element_type=\"widget\" data-e-type=\"widget\" data-widget_type=\"ha-image-hover-effect.default\">\n\t\t\t\t<div class=\"elementor-widget-container\">\n\t\t\t\t\t\t\t<div class=\"ha-ihe-wrapper grid\">\n\t\t\t<figure class=\"ha-ihe-fig ha-effect-chico\">\n\t\t\t\t<img decoding=\"async\" class=\"ha-ihe-img\" src=\"https:\/\/geraldineoberland.com\/wp-content\/uploads\/2022\/04\/Grenade-32-e1650385405374.png\" alt=\"Image Grenade\" \/>\n\t\t\t\t<figcaption class=\"ha-ihe-caption\">\n\t\t\t\t\t\t\t\t\t\t\t<h2 class=\"ha-ihe-title\">D\u00e9couvrir <\/br>Grenade<\/h2>\t\t\t\t\t\t\t\t\t\t\t\t\t<p class=\"ha-ihe-desc\"><\/p>\n\t\t\t\t\t\t\t\t\t\t\t\t\t\t\t\t\t\t\t\t\t\t\t<a href=\"https:\/\/geraldineoberland.com\/index.php\/grenade\/\"  rel=&quot;nofollow&quot;><\/a>\n\t\t\t\t\t\t\t\t\t<\/figcaption>\n\t\t\t<\/figure>\n\t\t<\/div>\n\t\t\t\t<\/div>\n\t\t\t\t<\/div>\n\t\t\t\t\t<\/div>\n\t\t<\/div>\n\t\t\t\t<div class=\"elementor-column elementor-col-33 elementor-top-column elementor-element elementor-element-dccd227\" data-id=\"dccd227\" data-element_type=\"column\" data-e-type=\"column\">\n\t\t\t<div class=\"elementor-widget-wrap elementor-element-populated\">\n\t\t\t\t\t\t<div class=\"elementor-element elementor-element-9160b93 elementor-widget elementor-widget-ha-image-hover-effect happy-addon ha-image-hover-effect\" data-id=\"9160b93\" data-element_type=\"widget\" data-e-type=\"widget\" data-widget_type=\"ha-image-hover-effect.default\">\n\t\t\t\t<div class=\"elementor-widget-container\">\n\t\t\t\t\t\t\t<div class=\"ha-ihe-wrapper grid\">\n\t\t\t<figure class=\"ha-ihe-fig ha-effect-chico\">\n\t\t\t\t<img decoding=\"async\" class=\"ha-ihe-img\" src=\"https:\/\/geraldineoberland.com\/wp-content\/uploads\/2022\/04\/Dubai-12.png\" alt=\"Image Duba\u00cf\" \/>\n\t\t\t\t<figcaption class=\"ha-ihe-caption\">\n\t\t\t\t\t\t\t\t\t\t\t<h2 class=\"ha-ihe-title\">D\u00e9couvrir <\/br>Duba\u00ef<\/h2>\t\t\t\t\t\t\t\t\t\t\t\t\t<p class=\"ha-ihe-desc\"><\/p>\n\t\t\t\t\t\t\t\t\t\t\t\t\t\t\t\t\t\t\t\t\t\t\t<a href=\"https:\/\/geraldineoberland.com\/index.php\/dubai\/\"  rel=&quot;nofollow&quot;><\/a>\n\t\t\t\t\t\t\t\t\t<\/figcaption>\n\t\t\t<\/figure>\n\t\t<\/div>\n\t\t\t\t<\/div>\n\t\t\t\t<\/div>\n\t\t\t\t<div class=\"elementor-element elementor-element-477031c elementor-widget elementor-widget-ha-image-hover-effect happy-addon ha-image-hover-effect\" data-id=\"477031c\" data-element_type=\"widget\" data-e-type=\"widget\" data-widget_type=\"ha-image-hover-effect.default\">\n\t\t\t\t<div class=\"elementor-widget-container\">\n\t\t\t\t\t\t\t<div class=\"ha-ihe-wrapper grid\">\n\t\t\t<figure class=\"ha-ihe-fig ha-effect-chico\">\n\t\t\t\t<img decoding=\"async\" class=\"ha-ihe-img\" src=\"https:\/\/geraldineoberland.com\/wp-content\/uploads\/2022\/04\/Image-Maroc-24-e1650384654960.png\" alt=\"Image Marrakech\" \/>\n\t\t\t\t<figcaption class=\"ha-ihe-caption\">\n\t\t\t\t\t\t\t\t\t\t\t<h2 class=\"ha-ihe-title\">D\u00e9couvrir <\/br>Marrakech<\/h2>\t\t\t\t\t\t\t\t\t\t\t\t\t<p class=\"ha-ihe-desc\"><\/p>\n\t\t\t\t\t\t\t\t\t\t\t\t\t\t\t\t\t\t\t\t\t\t\t<a href=\"https:\/\/geraldineoberland.com\/index.php\/marrakech\/\"  rel=&quot;nofollow&quot;><\/a>\n\t\t\t\t\t\t\t\t\t<\/figcaption>\n\t\t\t<\/figure>\n\t\t<\/div>\n\t\t\t\t<\/div>\n\t\t\t\t<\/div>\n\t\t\t\t<div class=\"elementor-element elementor-element-0d5cf72 elementor-widget elementor-widget-ha-image-hover-effect happy-addon ha-image-hover-effect\" data-id=\"0d5cf72\" data-element_type=\"widget\" data-e-type=\"widget\" data-widget_type=\"ha-image-hover-effect.default\">\n\t\t\t\t<div class=\"elementor-widget-container\">\n\t\t\t\t\t\t\t<div class=\"ha-ihe-wrapper grid\">\n\t\t\t<figure class=\"ha-ihe-fig ha-effect-chico\">\n\t\t\t\t<img decoding=\"async\" class=\"ha-ihe-img\" src=\"https:\/\/geraldineoberland.com\/wp-content\/uploads\/2022\/04\/Corfou-37.png\" alt=\"Image Corfou\" \/>\n\t\t\t\t<figcaption class=\"ha-ihe-caption\">\n\t\t\t\t\t\t\t\t\t\t\t<h2 class=\"ha-ihe-title\">D\u00e9couvrir <\/br>Corfou<\/h2>\t\t\t\t\t\t\t\t\t\t\t\t\t<p class=\"ha-ihe-desc\"><\/p>\n\t\t\t\t\t\t\t\t\t\t\t\t\t\t\t\t\t\t\t\t\t\t\t<a href=\"https:\/\/geraldineoberland.com\/index.php\/corfou\/\"  rel=&quot;nofollow&quot;><\/a>\n\t\t\t\t\t\t\t\t\t<\/figcaption>\n\t\t\t<\/figure>\n\t\t<\/div>\n\t\t\t\t<\/div>\n\t\t\t\t<\/div>\n\t\t\t\t\t<\/div>\n\t\t<\/div>\n\t\t\t\t<div class=\"elementor-column elementor-col-33 elementor-top-column elementor-element elementor-element-8916139\" data-id=\"8916139\" data-element_type=\"column\" data-e-type=\"column\">\n\t\t\t<div class=\"elementor-widget-wrap elementor-element-populated\">\n\t\t\t\t\t\t<div class=\"elementor-element elementor-element-b21492d elementor-widget elementor-widget-ha-image-hover-effect happy-addon ha-image-hover-effect\" data-id=\"b21492d\" data-element_type=\"widget\" data-e-type=\"widget\" data-widget_type=\"ha-image-hover-effect.default\">\n\t\t\t\t<div class=\"elementor-widget-container\">\n\t\t\t\t\t\t\t<div class=\"ha-ihe-wrapper grid\">\n\t\t\t<figure class=\"ha-ihe-fig ha-effect-chico\">\n\t\t\t\t<img decoding=\"async\" class=\"ha-ihe-img\" src=\"https:\/\/geraldineoberland.com\/wp-content\/uploads\/2022\/04\/DSC07874-1-scaled.jpg\" alt=\"Image de la Martinique\" \/>\n\t\t\t\t<figcaption class=\"ha-ihe-caption\">\n\t\t\t\t\t\t\t\t\t\t\t<h2 class=\"ha-ihe-title\">D\u00e9couvrir <\/br> la Martinique<\/h2>\t\t\t\t\t\t\t\t\t\t\t\t\t<p class=\"ha-ihe-desc\"><\/p>\n\t\t\t\t\t\t\t\t\t\t\t\t\t\t\t\t\t\t\t\t\t\t\t<a href=\"https:\/\/geraldineoberland.com\/index.php\/martinique\/\"  rel=&quot;nofollow&quot;><\/a>\n\t\t\t\t\t\t\t\t\t<\/figcaption>\n\t\t\t<\/figure>\n\t\t<\/div>\n\t\t\t\t<\/div>\n\t\t\t\t<\/div>\n\t\t\t\t<div class=\"elementor-element elementor-element-586e305 elementor-widget elementor-widget-ha-image-hover-effect happy-addon ha-image-hover-effect\" data-id=\"586e305\" data-element_type=\"widget\" data-e-type=\"widget\" data-widget_type=\"ha-image-hover-effect.default\">\n\t\t\t\t<div class=\"elementor-widget-container\">\n\t\t\t\t\t\t\t<div class=\"ha-ihe-wrapper grid\">\n\t\t\t<figure class=\"ha-ihe-fig ha-effect-chico\">\n\t\t\t\t<img decoding=\"async\" class=\"ha-ihe-img\" src=\"https:\/\/geraldineoberland.com\/wp-content\/uploads\/2022\/04\/Plama-de-Majorque-10.png\" alt=\"Image Palma de majorque\" \/>\n\t\t\t\t<figcaption class=\"ha-ihe-caption\">\n\t\t\t\t\t\t\t\t\t\t\t<h2 class=\"ha-ihe-title\">D\u00e9couvrir <\/br>Palma de Majorque<\/h2>\t\t\t\t\t\t\t\t\t\t\t\t\t<p class=\"ha-ihe-desc\"><\/p>\n\t\t\t\t\t\t\t\t\t\t\t\t\t\t\t\t\t\t\t\t\t\t\t<a href=\"https:\/\/geraldineoberland.com\/index.php\/palma-de-majorque\/\"  rel=&quot;nofollow&quot;><\/a>\n\t\t\t\t\t\t\t\t\t<\/figcaption>\n\t\t\t<\/figure>\n\t\t<\/div>\n\t\t\t\t<\/div>\n\t\t\t\t<\/div>\n\t\t\t\t<div class=\"elementor-element elementor-element-854781f elementor-widget elementor-widget-ha-image-hover-effect happy-addon ha-image-hover-effect\" data-id=\"854781f\" data-element_type=\"widget\" data-e-type=\"widget\" data-widget_type=\"ha-image-hover-effect.default\">\n\t\t\t\t<div class=\"elementor-widget-container\">\n\t\t\t\t\t\t\t<div class=\"ha-ihe-wrapper grid\">\n\t\t\t<figure class=\"ha-ihe-fig ha-effect-chico\">\n\t\t\t\t<img decoding=\"async\" class=\"ha-ihe-img\" src=\"https:\/\/geraldineoberland.com\/wp-content\/uploads\/2022\/04\/G.oberland-arretsurimage2eme-9346.jpg\" alt=\"Image du Nevada\" \/>\n\t\t\t\t<figcaption class=\"ha-ihe-caption\">\n\t\t\t\t\t\t\t\t\t\t\t<h2 class=\"ha-ihe-title\">D\u00e9couvrir <\/br> le Nevada<\/h2>\t\t\t\t\t\t\t\t\t\t\t\t\t<p class=\"ha-ihe-desc\"><\/p>\n\t\t\t\t\t\t\t\t\t\t\t\t\t\t\t\t\t\t\t\t\t\t\t<a href=\"https:\/\/geraldineoberland.com\/index.php\/nevada\/\"  rel=&quot;nofollow&quot;><\/a>\n\t\t\t\t\t\t\t\t\t<\/figcaption>\n\t\t\t<\/figure>\n\t\t<\/div>\n\t\t\t\t<\/div>\n\t\t\t\t<\/div>\n\t\t\t\t\t<\/div>\n\t\t<\/div>\n\t\t\t\t\t<\/div>\n\t\t<\/section>\n\t\t\t\t<\/div>\n\t\t","protected":false},"excerpt":{"rendered":"<p>Passion, inspiration, aventure et lifestyleLe voyage est plus qu&#8217;une simple photographie, c&#8217;est un style de vie. D\u00e9couvrir Venise D\u00e9couvrir la Cr\u00e8te D\u00e9couvrir Grenade D\u00e9couvrir Duba\u00ef D\u00e9couvrir Marrakech D\u00e9couvrir Corfou D\u00e9couvrir la Martinique D\u00e9couvrir Palma de Majorque D\u00e9couvrir le Nevada<\/p>\n","protected":false},"author":1,"featured_media":0,"parent":0,"menu_order":0,"comment_status":"closed","ping_status":"closed","template":"","meta":{"site-sidebar-layout":"no-sidebar","site-content-layout":"page-builder","ast-global-header-display":"","ast-main-header-display":"","ast-hfb-above-header-display":"","ast-hfb-below-header-display":"","ast-hfb-mobile-header-display":"","site-post-title":"disabled","ast-breadcrumbs-content":"","ast-featured-img":"disabled","footer-sml-layout":"","theme-transparent-header-meta":"","adv-header-id-meta":"","stick-header-meta":"","header-above-stick-meta":"","header-main-stick-meta":"","header-below-stick-meta":"","footnotes":""},"class_list":["post-12","page","type-page","status-publish","hentry"],"yoast_head":"<!-- This site is optimized with the Yoast SEO plugin v23.4 - https:\/\/yoast.com\/wordpress\/plugins\/seo\/ -->\n<title>Voyage photo - Geraldine Oberland<\/title>\n<meta name=\"robots\" content=\"index, follow, max-snippet:-1, max-image-preview:large, max-video-preview:-1\" \/>\n<link rel=\"canonical\" href=\"https:\/\/geraldineoberland.com\/index.php\/voyage-photo\/\" \/>\n<meta property=\"og:locale\" content=\"fr_FR\" \/>\n<meta property=\"og:type\" content=\"article\" \/>\n<meta property=\"og:title\" content=\"Voyage photo - Geraldine Oberland\" \/>\n<meta property=\"og:description\" content=\"Passion, inspiration, aventure et lifestyleLe voyage est plus qu&#8217;une simple photographie, c&#8217;est un style de vie. D\u00e9couvrir Venise D\u00e9couvrir la Cr\u00e8te D\u00e9couvrir Grenade D\u00e9couvrir Duba\u00ef D\u00e9couvrir Marrakech D\u00e9couvrir Corfou D\u00e9couvrir la Martinique D\u00e9couvrir Palma de Majorque D\u00e9couvrir le Nevada\" \/>\n<meta property=\"og:url\" content=\"https:\/\/geraldineoberland.com\/index.php\/voyage-photo\/\" \/>\n<meta property=\"og:site_name\" content=\"Geraldine Oberland\" \/>\n<meta property=\"article:modified_time\" content=\"2022-05-03T09:25:50+00:00\" \/>\n<meta property=\"og:image\" content=\"https:\/\/geraldineoberland.com\/wp-content\/uploads\/2022\/04\/arretsurimage2e-01295-scaled.jpg\" \/>\n<meta name=\"twitter:card\" content=\"summary_large_image\" \/>\n<script type=\"application\/ld+json\" class=\"yoast-schema-graph\">{\"@context\":\"https:\/\/schema.org\",\"@graph\":[{\"@type\":\"WebPage\",\"@id\":\"https:\/\/geraldineoberland.com\/index.php\/voyage-photo\/\",\"url\":\"https:\/\/geraldineoberland.com\/index.php\/voyage-photo\/\",\"name\":\"Voyage photo - Geraldine Oberland\",\"isPartOf\":{\"@id\":\"https:\/\/geraldineoberland.com\/#website\"},\"primaryImageOfPage\":{\"@id\":\"https:\/\/geraldineoberland.com\/index.php\/voyage-photo\/#primaryimage\"},\"image\":{\"@id\":\"https:\/\/geraldineoberland.com\/index.php\/voyage-photo\/#primaryimage\"},\"thumbnailUrl\":\"https:\/\/geraldineoberland.com\/wp-content\/uploads\/2022\/04\/arretsurimage2e-01295-scaled.jpg\",\"datePublished\":\"2022-04-06T09:53:02+00:00\",\"dateModified\":\"2022-05-03T09:25:50+00:00\",\"breadcrumb\":{\"@id\":\"https:\/\/geraldineoberland.com\/index.php\/voyage-photo\/#breadcrumb\"},\"inLanguage\":\"fr-FR\",\"potentialAction\":[{\"@type\":\"ReadAction\",\"target\":[\"https:\/\/geraldineoberland.com\/index.php\/voyage-photo\/\"]}]},{\"@type\":\"ImageObject\",\"inLanguage\":\"fr-FR\",\"@id\":\"https:\/\/geraldineoberland.com\/index.php\/voyage-photo\/#primaryimage\",\"url\":\"https:\/\/geraldineoberland.com\/wp-content\/uploads\/2022\/04\/arretsurimage2e-01295-scaled.jpg\",\"contentUrl\":\"https:\/\/geraldineoberland.com\/wp-content\/uploads\/2022\/04\/arretsurimage2e-01295-scaled.jpg\",\"width\":2560,\"height\":1708},{\"@type\":\"BreadcrumbList\",\"@id\":\"https:\/\/geraldineoberland.com\/index.php\/voyage-photo\/#breadcrumb\",\"itemListElement\":[{\"@type\":\"ListItem\",\"position\":1,\"name\":\"Accueil\",\"item\":\"https:\/\/geraldineoberland.com\/\"},{\"@type\":\"ListItem\",\"position\":2,\"name\":\"Voyage photo\"}]},{\"@type\":\"WebSite\",\"@id\":\"https:\/\/geraldineoberland.com\/#website\",\"url\":\"https:\/\/geraldineoberland.com\/\",\"name\":\"Geraldine Oberland\",\"description\":\"photographe de destination, d&#039;\u00e9v\u00e8nement et drone\",\"publisher\":{\"@id\":\"https:\/\/geraldineoberland.com\/#organization\"},\"potentialAction\":[{\"@type\":\"SearchAction\",\"target\":{\"@type\":\"EntryPoint\",\"urlTemplate\":\"https:\/\/geraldineoberland.com\/?s={search_term_string}\"},\"query-input\":{\"@type\":\"PropertyValueSpecification\",\"valueRequired\":true,\"valueName\":\"search_term_string\"}}],\"inLanguage\":\"fr-FR\"},{\"@type\":\"Organization\",\"@id\":\"https:\/\/geraldineoberland.com\/#organization\",\"name\":\"Geraldine Oberland\",\"url\":\"https:\/\/geraldineoberland.com\/\",\"logo\":{\"@type\":\"ImageObject\",\"inLanguage\":\"fr-FR\",\"@id\":\"https:\/\/geraldineoberland.com\/#\/schema\/logo\/image\/\",\"url\":\"https:\/\/geraldineoberland.com\/wp-content\/uploads\/2022\/04\/Geraldine-Oberland-3.png\",\"contentUrl\":\"https:\/\/geraldineoberland.com\/wp-content\/uploads\/2022\/04\/Geraldine-Oberland-3.png\",\"width\":1767,\"height\":161,\"caption\":\"Geraldine Oberland\"},\"image\":{\"@id\":\"https:\/\/geraldineoberland.com\/#\/schema\/logo\/image\/\"}}]}<\/script>\n<!-- \/ Yoast SEO plugin. -->","yoast_head_json":{"title":"Voyage photo - Geraldine Oberland","robots":{"index":"index","follow":"follow","max-snippet":"max-snippet:-1","max-image-preview":"max-image-preview:large","max-video-preview":"max-video-preview:-1"},"canonical":"https:\/\/geraldineoberland.com\/index.php\/voyage-photo\/","og_locale":"fr_FR","og_type":"article","og_title":"Voyage photo - Geraldine Oberland","og_description":"Passion, inspiration, aventure et lifestyleLe voyage est plus qu&#8217;une simple photographie, c&#8217;est un style de vie. D\u00e9couvrir Venise D\u00e9couvrir la Cr\u00e8te D\u00e9couvrir Grenade D\u00e9couvrir Duba\u00ef D\u00e9couvrir Marrakech D\u00e9couvrir Corfou D\u00e9couvrir la Martinique D\u00e9couvrir Palma de Majorque D\u00e9couvrir le Nevada","og_url":"https:\/\/geraldineoberland.com\/index.php\/voyage-photo\/","og_site_name":"Geraldine Oberland","article_modified_time":"2022-05-03T09:25:50+00:00","og_image":[{"url":"https:\/\/geraldineoberland.com\/wp-content\/uploads\/2022\/04\/arretsurimage2e-01295-scaled.jpg"}],"twitter_card":"summary_large_image","schema":{"@context":"https:\/\/schema.org","@graph":[{"@type":"WebPage","@id":"https:\/\/geraldineoberland.com\/index.php\/voyage-photo\/","url":"https:\/\/geraldineoberland.com\/index.php\/voyage-photo\/","name":"Voyage photo - Geraldine Oberland","isPartOf":{"@id":"https:\/\/geraldineoberland.com\/#website"},"primaryImageOfPage":{"@id":"https:\/\/geraldineoberland.com\/index.php\/voyage-photo\/#primaryimage"},"image":{"@id":"https:\/\/geraldineoberland.com\/index.php\/voyage-photo\/#primaryimage"},"thumbnailUrl":"https:\/\/geraldineoberland.com\/wp-content\/uploads\/2022\/04\/arretsurimage2e-01295-scaled.jpg","datePublished":"2022-04-06T09:53:02+00:00","dateModified":"2022-05-03T09:25:50+00:00","breadcrumb":{"@id":"https:\/\/geraldineoberland.com\/index.php\/voyage-photo\/#breadcrumb"},"inLanguage":"fr-FR","potentialAction":[{"@type":"ReadAction","target":["https:\/\/geraldineoberland.com\/index.php\/voyage-photo\/"]}]},{"@type":"ImageObject","inLanguage":"fr-FR","@id":"https:\/\/geraldineoberland.com\/index.php\/voyage-photo\/#primaryimage","url":"https:\/\/geraldineoberland.com\/wp-content\/uploads\/2022\/04\/arretsurimage2e-01295-scaled.jpg","contentUrl":"https:\/\/geraldineoberland.com\/wp-content\/uploads\/2022\/04\/arretsurimage2e-01295-scaled.jpg","width":2560,"height":1708},{"@type":"BreadcrumbList","@id":"https:\/\/geraldineoberland.com\/index.php\/voyage-photo\/#breadcrumb","itemListElement":[{"@type":"ListItem","position":1,"name":"Accueil","item":"https:\/\/geraldineoberland.com\/"},{"@type":"ListItem","position":2,"name":"Voyage photo"}]},{"@type":"WebSite","@id":"https:\/\/geraldineoberland.com\/#website","url":"https:\/\/geraldineoberland.com\/","name":"Geraldine Oberland","description":"photographe de destination, d&#039;\u00e9v\u00e8nement et drone","publisher":{"@id":"https:\/\/geraldineoberland.com\/#organization"},"potentialAction":[{"@type":"SearchAction","target":{"@type":"EntryPoint","urlTemplate":"https:\/\/geraldineoberland.com\/?s={search_term_string}"},"query-input":{"@type":"PropertyValueSpecification","valueRequired":true,"valueName":"search_term_string"}}],"inLanguage":"fr-FR"},{"@type":"Organization","@id":"https:\/\/geraldineoberland.com\/#organization","name":"Geraldine Oberland","url":"https:\/\/geraldineoberland.com\/","logo":{"@type":"ImageObject","inLanguage":"fr-FR","@id":"https:\/\/geraldineoberland.com\/#\/schema\/logo\/image\/","url":"https:\/\/geraldineoberland.com\/wp-content\/uploads\/2022\/04\/Geraldine-Oberland-3.png","contentUrl":"https:\/\/geraldineoberland.com\/wp-content\/uploads\/2022\/04\/Geraldine-Oberland-3.png","width":1767,"height":161,"caption":"Geraldine Oberland"},"image":{"@id":"https:\/\/geraldineoberland.com\/#\/schema\/logo\/image\/"}}]}},"jetpack_sharing_enabled":true,"_links":{"self":[{"href":"https:\/\/geraldineoberland.com\/index.php\/wp-json\/wp\/v2\/pages\/12","targetHints":{"allow":["GET"]}}],"collection":[{"href":"https:\/\/geraldineoberland.com\/index.php\/wp-json\/wp\/v2\/pages"}],"about":[{"href":"https:\/\/geraldineoberland.com\/index.php\/wp-json\/wp\/v2\/types\/page"}],"author":[{"embeddable":true,"href":"https:\/\/geraldineoberland.com\/index.php\/wp-json\/wp\/v2\/users\/1"}],"replies":[{"embeddable":true,"href":"https:\/\/geraldineoberland.com\/index.php\/wp-json\/wp\/v2\/comments?post=12"}],"version-history":[{"count":130,"href":"https:\/\/geraldineoberland.com\/index.php\/wp-json\/wp\/v2\/pages\/12\/revisions"}],"predecessor-version":[{"id":2983,"href":"https:\/\/geraldineoberland.com\/index.php\/wp-json\/wp\/v2\/pages\/12\/revisions\/2983"}],"wp:attachment":[{"href":"https:\/\/geraldineoberland.com\/index.php\/wp-json\/wp\/v2\/media?parent=12"}],"curies":[{"name":"wp","href":"https:\/\/api.w.org\/{rel}","templated":true}]}}